{"id":2010,"date":"2020-06-12T11:19:46","date_gmt":"2020-06-12T11:19:46","guid":{"rendered":"https:\/\/www.kirmus.ee\/nooreesti\/?page_id=2010"},"modified":"2020-06-15T09:42:23","modified_gmt":"2020-06-15T09:42:23","slug":"sisukord","status":"publish","type":"page","link":"https:\/\/www.kirmus.ee\/nooreesti\/ajakiri-noor-eesti\/ajakiri-noor-eesti-nr-4\/sisukord\/","title":{"rendered":"Sisukord"},"content":{"rendered":"\n<figure class=\"wp-block-table is-style-stripes\"><table><tbody><tr><td><strong>Pealkiri<\/strong><\/td><td><strong>lk<\/strong><\/td><\/tr><tr><td>&#8220;Kolmas Eesti kunstin\u00e4itus&#8221; &#8211; Stryk, Friedrich von<\/td><td><a href=\"\/nooreesti\/ajakiri-noor-eesti\/ajakiri-noor-eesti-nr-4\/#aj-lk4-2\">2<\/a><\/td><\/tr><tr><td>&#8220;M\u00f5ni m\u00e4lestus&#8221; &#8211; Gr\u00fcnthal, Willem<\/td><td><a href=\"\/nooreesti\/ajakiri-noor-eesti\/ajakiri-noor-eesti-nr-4\/#aj-lk4-5\">5<\/a><\/td><\/tr><tr><td>&#8220;M\u00f5te&#8221; &#8211; Gr\u00fcnthal, Willem<\/td><td><a href=\"\/nooreesti\/ajakiri-noor-eesti\/ajakiri-noor-eesti-nr-4\/#aj-lk4-6\">6<\/a><\/td><\/tr><tr><td>&#8220;Marximus ja p\u00f5llut\u00f6\u00f6stus&#8221; &#8211; Adamson, J[ohannes]<\/td><td><a href=\"\/nooreesti\/ajakiri-noor-eesti\/ajakiri-noor-eesti-nr-4\/#aj-lk4-6\">6<\/a><\/td><\/tr><tr><td>&#8220;Kuues meel&#8221; &#8211; S\u00f6derberg, H.<\/td><td><a href=\"\/nooreesti\/ajakiri-noor-eesti\/ajakiri-noor-eesti-nr-4\/#aj-lk4-10\">10<\/a><\/td><\/tr><tr><td>&#8220;Persia kunst&#8221; &#8211; Stryk, Friedrich von<\/td><td><a href=\"\/nooreesti\/ajakiri-noor-eesti\/ajakiri-noor-eesti-nr-4\/#aj-lk4-12\">12<\/a><\/td><\/tr><tr><td>&#8220;P\u00f5lismetsa j\u00e4rv&#8221; &#8211; S\u00f6\u00f6t, K[arl] E[duard]<\/td><td><a href=\"\/nooreesti\/ajakiri-noor-eesti\/ajakiri-noor-eesti-nr-4\/#aj-lk4-18\">18<\/a><\/td><\/tr><tr><td>&#8220;Koerakoonlased&#8221; &#8211; S\u00f6\u00f6t, K[arl] E[duard]<\/td><td><a href=\"\/nooreesti\/ajakiri-noor-eesti\/ajakiri-noor-eesti-nr-4\/#aj-lk4-19\">19<\/a><\/td><\/tr><tr><td>&#8220;\u00d6ine teekond&#8221; &#8211; Verigin, A.<\/td><td><a href=\"\/nooreesti\/ajakiri-noor-eesti\/ajakiri-noor-eesti-nr-4\/#aj-lk4-19\">19<\/a><\/td><\/tr><tr><td>&#8220;Nebulosa&#8221; &#8211; Suits, Gustav<\/td><td><a href=\"\/nooreesti\/ajakiri-noor-eesti\/ajakiri-noor-eesti-nr-4\/#aj-lk4-21\">21<\/a><\/td><\/tr><tr><td>&#8220;T\u00e4htede jaht&#8221; &#8211; Tas[s]a, Aleksander<\/td><td><a href=\"\/nooreesti\/ajakiri-noor-eesti\/ajakiri-noor-eesti-nr-4\/#aj-lk4-22\">22<\/a><\/td><\/tr><tr><td>&#8220;Jumala uni&#8221; &#8211; Tas[s]a, Aleksander<\/td><td><a href=\"\/nooreesti\/ajakiri-noor-eesti\/ajakiri-noor-eesti-nr-4\/#aj-lk4-24\">24<\/a><\/td><\/tr><tr><td>&#8220;Keskl\u00f5unasest p\u00e4ikesest&#8221; &#8211; Tas[s]a, Aleksander<\/td><td><a href=\"\/nooreesti\/ajakiri-noor-eesti\/ajakiri-noor-eesti-nr-4\/#aj-lk4-26\">26<\/a><\/td><\/tr><tr><td>&#8220;Pontini sood&#8221; &#8211; Aleardi, A.<\/td><td><a href=\"\/nooreesti\/ajakiri-noor-eesti\/ajakiri-noor-eesti-nr-4\/#aj-lk4-31\">31<\/a><\/td><\/tr><tr><td>&#8220;Meie jutukirjanikka vaatamas&#8221; &#8211; Oks, Jaan<\/td><td><a href=\"\/nooreesti\/ajakiri-noor-eesti\/ajakiri-noor-eesti-nr-4\/#aj-lk4-31\">31<\/a><\/td><\/tr><tr><td>&#8220;Albert Edelfelti n\u00e4itus&#8221; &#8211; Tavia-Suits, E.<\/td><td><a href=\"\/nooreesti\/ajakiri-noor-eesti\/ajakiri-noor-eesti-nr-4\/#aj-lk4-40\">40<\/a><\/td><\/tr><tr><td>&#8220;Uued&#8221; teadused&#8221; &#8211; Sarv, J.<\/td><td><a href=\"\/nooreesti\/ajakiri-noor-eesti\/ajakiri-noor-eesti-nr-4\/#aj-lk4-42\">42<\/a><\/td><\/tr><tr><td>&#8220;Kolm novelliraamatut&#8221; &#8211; Tuglas, Friedebert<\/td><td><a href=\"\/nooreesti\/ajakiri-noor-eesti\/ajakiri-noor-eesti-nr-4\/#aj-lk4-43\">43<\/a><\/td><\/tr><tr><td>&#8220;Soome kirjandusest. Ilmari Kianto, Pyh\u00e4 rakkaus&#8221; &#8211; Kallas, Aino<\/td><td><a href=\"\/nooreesti\/ajakiri-noor-eesti\/ajakiri-noor-eesti-nr-4\/#aj-lk4-46\">46<\/a><\/td><\/tr><tr><td>&#8220;Teatrim\u00e4rkused. Hermann Sudermann&#8217;i &#8220;Au&#8221;&#8221; &#8211; Linde, Bernhard<\/td><td><a href=\"\/nooreesti\/ajakiri-noor-eesti\/ajakiri-noor-eesti-nr-4\/#aj-lk4-47\">47<\/a><\/td><\/tr><tr><td>&#8220;Kroonika&#8221; &#8211; Hi-Ha-He<\/td><td><a href=\"\/nooreesti\/ajakiri-noor-eesti\/ajakiri-noor-eesti-nr-4\/#aj-lk4-49\">49<\/a><\/td><\/tr><tr><td>&#8220;Toimetusele saadetud kirjandus&#8221; &#8211; Hi-Ha-He<\/td><td><a href=\"\/nooreesti\/ajakiri-noor-eesti\/ajakiri-noor-eesti-nr-4\/#aj-lk4-51\">51<\/a><\/td><\/tr><\/tbody><\/table><\/figure>\n","protected":false},"excerpt":{"rendered":"<p>Pealkiri lk &#8220;Kolmas Eesti kunstin\u00e4itus&#8221; &#8211; Stryk, Friedrich von 2 &#8220;M\u00f5ni m\u00e4lestus&#8221; &#8211; Gr\u00fcnthal, Willem 5 &#8220;M\u00f5te&#8221; &#8211; Gr\u00fcnthal, Willem 6 &#8220;Marximus ja p\u00f5llut\u00f6\u00f6stus&#8221; &#8211; Adamson, J[ohannes] 6 &#8220;Kuues meel&#8221; &#8211; S\u00f6derberg, H. 10 &#8220;Persia kunst&#8221; &#8211; Stryk, Friedrich von 12 &#8220;P\u00f5lismetsa j\u00e4rv&#8221; &#8211; S\u00f6\u00f6t, K[arl] E[duard] 18 &#8220;Koerakoonlased&#8221; &#8211; S\u00f6\u00f6t, K[arl] E[duard] 19 &#8220;\u00d6ine [&hellip;]<\/p>\n","protected":false},"author":1,"featured_media":0,"parent":2003,"menu_order":0,"comment_status":"closed","ping_status":"closed","template":"","meta":[],"yoast_head":"<!-- This site is optimized with the Yoast SEO plugin v14.2 - https:\/\/yoast.com\/wordpress\/plugins\/seo\/ -->\n<meta name=\"robots\" content=\"index, follow\" \/>\n<meta name=\"googlebot\" content=\"index, follow, max-snippet:-1, max-image-preview:large, max-video-preview:-1\" \/>\n<meta name=\"bingbot\" content=\"index, follow, max-snippet:-1, max-image-preview:large, max-video-preview:-1\" \/>\n<link rel=\"canonical\" href=\"https:\/\/www.kirmus.ee\/nooreesti\/ajakiri-noor-eesti\/ajakiri-noor-eesti-nr-4\/sisukord\/\" \/>\n<meta property=\"og:locale\" content=\"en_US\" \/>\n<meta property=\"og:type\" content=\"article\" \/>\n<meta property=\"og:title\" content=\"Sisukord - Noor-Eesti\" \/>\n<meta property=\"og:description\" content=\"Pealkiri lk &#8220;Kolmas Eesti kunstin\u00e4itus&#8221; &#8211; Stryk, Friedrich von 2 &#8220;M\u00f5ni m\u00e4lestus&#8221; &#8211; Gr\u00fcnthal, Willem 5 &#8220;M\u00f5te&#8221; &#8211; Gr\u00fcnthal, Willem 6 &#8220;Marximus ja p\u00f5llut\u00f6\u00f6stus&#8221; &#8211; Adamson, J[ohannes] 6 &#8220;Kuues meel&#8221; &#8211; S\u00f6derberg, H. 10 &#8220;Persia kunst&#8221; &#8211; Stryk, Friedrich von 12 &#8220;P\u00f5lismetsa j\u00e4rv&#8221; &#8211; S\u00f6\u00f6t, K[arl] E[duard] 18 &#8220;Koerakoonlased&#8221; &#8211; S\u00f6\u00f6t, K[arl] E[duard] 19 &#8220;\u00d6ine [&hellip;]\" \/>\n<meta property=\"og:url\" content=\"https:\/\/www.kirmus.ee\/nooreesti\/ajakiri-noor-eesti\/ajakiri-noor-eesti-nr-4\/sisukord\/\" \/>\n<meta property=\"og:site_name\" content=\"Noor-Eesti\" \/>\n<meta property=\"article:modified_time\" content=\"2020-06-15T09:42:23+00:00\" \/>\n<meta name=\"twitter:card\" content=\"summary_large_image\" \/>\n<script type=\"application\/ld+json\" class=\"yoast-schema-graph\">{\"@context\":\"https:\/\/schema.org\",\"@graph\":[{\"@type\":\"WebSite\",\"@id\":\"https:\/\/www.kirmus.ee\/nooreesti\/#website\",\"url\":\"https:\/\/www.kirmus.ee\/nooreesti\/\",\"name\":\"Noor-Eesti\",\"description\":\"&quot;OLGEM EESTLASED, AGA SAAGEM KA EUROOPLASTEKS!&quot;\",\"potentialAction\":[{\"@type\":\"SearchAction\",\"target\":\"https:\/\/www.kirmus.ee\/nooreesti\/?s={search_term_string}\",\"query-input\":\"required name=search_term_string\"}],\"inLanguage\":\"en-US\"},{\"@type\":\"WebPage\",\"@id\":\"https:\/\/www.kirmus.ee\/nooreesti\/ajakiri-noor-eesti\/ajakiri-noor-eesti-nr-4\/sisukord\/#webpage\",\"url\":\"https:\/\/www.kirmus.ee\/nooreesti\/ajakiri-noor-eesti\/ajakiri-noor-eesti-nr-4\/sisukord\/\",\"name\":\"Sisukord - Noor-Eesti\",\"isPartOf\":{\"@id\":\"https:\/\/www.kirmus.ee\/nooreesti\/#website\"},\"datePublished\":\"2020-06-12T11:19:46+00:00\",\"dateModified\":\"2020-06-15T09:42:23+00:00\",\"breadcrumb\":{\"@id\":\"https:\/\/www.kirmus.ee\/nooreesti\/ajakiri-noor-eesti\/ajakiri-noor-eesti-nr-4\/sisukord\/#breadcrumb\"},\"inLanguage\":\"en-US\",\"potentialAction\":[{\"@type\":\"ReadAction\",\"target\":[\"https:\/\/www.kirmus.ee\/nooreesti\/ajakiri-noor-eesti\/ajakiri-noor-eesti-nr-4\/sisukord\/\"]}]},{\"@type\":\"BreadcrumbList\",\"@id\":\"https:\/\/www.kirmus.ee\/nooreesti\/ajakiri-noor-eesti\/ajakiri-noor-eesti-nr-4\/sisukord\/#breadcrumb\",\"itemListElement\":[{\"@type\":\"ListItem\",\"position\":1,\"item\":{\"@type\":\"WebPage\",\"@id\":\"https:\/\/www.kirmus.ee\/nooreesti\/\",\"url\":\"https:\/\/www.kirmus.ee\/nooreesti\/\",\"name\":\"Avaleht\"}},{\"@type\":\"ListItem\",\"position\":2,\"item\":{\"@type\":\"WebPage\",\"@id\":\"https:\/\/www.kirmus.ee\/nooreesti\/ajakiri-noor-eesti\/\",\"url\":\"https:\/\/www.kirmus.ee\/nooreesti\/ajakiri-noor-eesti\/\",\"name\":\"Ajakiri Noor-Eesti\"}},{\"@type\":\"ListItem\",\"position\":3,\"item\":{\"@type\":\"WebPage\",\"@id\":\"https:\/\/www.kirmus.ee\/nooreesti\/ajakiri-noor-eesti\/ajakiri-noor-eesti-nr-4\/\",\"url\":\"https:\/\/www.kirmus.ee\/nooreesti\/ajakiri-noor-eesti\/ajakiri-noor-eesti-nr-4\/\",\"name\":\"Ajakiri &#8220;Noor-Eesti&#8221;, nr 4\"}},{\"@type\":\"ListItem\",\"position\":4,\"item\":{\"@type\":\"WebPage\",\"@id\":\"https:\/\/www.kirmus.ee\/nooreesti\/ajakiri-noor-eesti\/ajakiri-noor-eesti-nr-4\/sisukord\/\",\"url\":\"https:\/\/www.kirmus.ee\/nooreesti\/ajakiri-noor-eesti\/ajakiri-noor-eesti-nr-4\/sisukord\/\",\"name\":\"Sisukord\"}}]}]}<\/script>\n<!-- \/ Yoast SEO plugin. -->","_links":{"self":[{"href":"https:\/\/www.kirmus.ee\/nooreesti\/wp-json\/wp\/v2\/pages\/2010"}],"collection":[{"href":"https:\/\/www.kirmus.ee\/nooreesti\/wp-json\/wp\/v2\/pages"}],"about":[{"href":"https:\/\/www.kirmus.ee\/nooreesti\/wp-json\/wp\/v2\/types\/page"}],"author":[{"embeddable":true,"href":"https:\/\/www.kirmus.ee\/nooreesti\/wp-json\/wp\/v2\/users\/1"}],"replies":[{"embeddable":true,"href":"https:\/\/www.kirmus.ee\/nooreesti\/wp-json\/wp\/v2\/comments?post=2010"}],"version-history":[{"count":3,"href":"https:\/\/www.kirmus.ee\/nooreesti\/wp-json\/wp\/v2\/pages\/2010\/revisions"}],"predecessor-version":[{"id":2434,"href":"https:\/\/www.kirmus.ee\/nooreesti\/wp-json\/wp\/v2\/pages\/2010\/revisions\/2434"}],"up":[{"embeddable":true,"href":"https:\/\/www.kirmus.ee\/nooreesti\/wp-json\/wp\/v2\/pages\/2003"}],"wp:attachment":[{"href":"https:\/\/www.kirmus.ee\/nooreesti\/wp-json\/wp\/v2\/media?parent=2010"}],"curies":[{"name":"wp","href":"https:\/\/api.w.org\/{rel}","templated":true}]}}